b427 (base 14) to base 5
141104431
-ac4044 (base 13) to base 7
-46355605
What is -2030523 (base 7) in base 2?
-111011010001001011
-77666 (base 9) to base 5
-3122301
Convert 10002012111 (base 3) to base 5.
3420110
-8ded7 (base 15) to base 3
-211222100011
Convert 70917 (base 11) to base 4.
121102222
What is 44015314 (base 8) in base 5?
4404202134
2156330 (base 7) to base 15
53dab
Convert 2cbc11a (base 13) to base 7.
233551606
Convert 443200 (base 8) to base 11.
a2044
Convert -1111000100100001 (base 2) to base 13.
-22135
Convert 1021022211 (base 3) to base 14.
9196
-c0673 (base 14) to base 16
-70dbd
Convert -279251 (base 10) to base 4.
-1010023103
What is -73563 (base 8) in base 14?
-b203
-1391c2 (base 14) to base 16
-a58f6
-10022202202111 (base 3) to base 2
-110101111011000001000
Convert -10322212122 (base 4) to base 6.
-43341430
What is -100132124 (base 7) in base 10?
-5789564
Convert 312020222 (base 4) to base 6.
4430322
Convert -5c5874 (base 15) to base 13.
-bbb370
Convert 31a1279 (base 12) to base 7.
143015430
Convert 18413086 (base 9) to base 15.
c34749
Convert 5a1ca (base 14) to base 11.
140234
What is 4534696 (base 12) in base 9?
26846736
Convert -11100110101001101 (base 2) to base 12.
-58411
Convert 42490 (base 10) to base 6.
524414
What is -33047273 (base 8) in base 6?
-412045151
Convert 11011000110200 (base 3) to base 9.
4130420
-11100011101011111101 (base 2) to base 10
-932605
-10000110000001001100 (base 2) to base 10
-548940
-110001010101101110010 (base 2) to base 4
-12022231302
Convert 161831 (base 9) to base 2.
11000010111101100
What is 166dc2 (base 15) in base 11?
682321
What is -111c948 (base 15) in base 7?
-206031341
-1d856 (base 14) to base 13
-28617
Convert -11010011011111000011110 (base 2) to base 4.
-122123320132
12213301 (base 4) to base 7
142033
What is 8af9f (base 16) in base 3?
1001220212020
Convert 209067 (base 10) to base 7.
1530345
What is -1210446 (base 7) in base 3?
-21211002210
What is -11c3c (base 15) in base 5?
-3304012
What is -1002232112 (base 4) in base 2?
-1000010101110010110
Convert -1537356 (base 9) to base 5.
-204224031
What is -6406030 (base 7) in base 12?
-314741
-674b79 (base 12) to base 2
-110010010000010001101
Convert 103000020311 (base 4) to base 8.
23001065
What is 22333213112 (base 4) in base 5?
1214211011
What is 1021111110 (base 3) in base 9?
37443
What is -39c95 (base 14) in base 2?
-100010110001011011
-102012040 (base 6) to base 4
-12301101120
200223010030 (base 4) to base 9
17103871
Convert -703ec9 (base 15) to base 4.
-110111003001
What is -1cab (base 14) in base 2?
-1010001111111
2298 (base 14) to base 9
8222
12012121201221 (base 3) to base 10
2767822
172238 (base 10) to base 8
520316
What is 4242364 (base 7) in base 15?
a277d
What is 734aa8 (base 11) in base 7?
13004130
100101011010010011111 (base 2) to base 7
13264005
Convert 51aa8 (base 12) to base 9.
172662
Convert -202002001011 (base 3) to base 16.
-6078d
-11212 (base 6) to base 14
-81a
-10100001010110010 (base 2) to base 12
-3b982
Convert 40244113 (base 5) to base 12.
136273
-686556 (base 9) to base 10
-411612
-54062 (base 14) to base 12
-99686
What is 310030301 (base 4) in base 9?
355255
What is 60968 (base 12) in base 14?
33bb2
2ca3b (base 13) to base 14
230b8
73243 (base 8) to base 5
1432441
1622d3 (base 15) to base 13
2b635c
Convert -1622477 (base 8) to base 4.
-1302110333
What is -149bf (base 16) in base 13?
-2c566
-1022021020110 (base 3) to base 8
-2513646
1000101111001010000011 (base 2) to base 14
438935
-24458 (base 15) to base 3
-12212202102
What is -30520323 (base 6) in base 14?
-18d2d5
10010200200 (base 3) to base 16
f12c
-a59960 (base 11) to base 15
-237b84
Convert -348572 (base 12) to base 3.
-1120212211212
Convert -1622110 (base 8) to base 10.
-468040
83b85b (base 12) to base 5
1012314340
1ab453 (base 12) to base 10
475839
Convert 152109 (base 14) to base 7.
6152412
Convert -10733731 (base 8) to base 2.
-1000111011011111011001
-110011000001001100000 (base 2) to base 15
-23051b
Convert 1010001100101011 (base 2) to base 15.
c59b
What is -1255255 (base 7) in base 12?
-7b681
Convert -275d6 (base 15) to base 14.
-33dc5
Convert 3251306 (base 7) to base 4.
1201123112
What is 2432401 (base 5) in base 11?
315a7
Convert 250938 (base 11) to base 3.
202010210212
What is -101101110110000101010 (base 2) in base 3?
-2211022200220
1909111 (base 11) to base 2
1100010101010101101100
Convert -302105 (base 10) to base 9.
-510362
1101110000100010 (base 2) to base 8
156042
What is -1153031 (base 6) in base 16?
-f08b
85601 (base 13) to base 10
240488
12438353 (base 9) to base 15
809b03
-5555534 (base 6) to base 11
-181345
Convert 40156435 (base 7) to base 4.
30223311100
Convert 5b8b78 (base 12) to base 2.
101101011001110001100
Convert -1a67b6 (base 12) to base 9.
-782513
fc0f6 (base 16) to base 13
2a1c14
What is -4420150 (base 6) in base 15?
-45476
Convert 624425 (base 8) to base 11.
131686
Convert -8cb891 (base 16) to base 14.
-1320c6d
What is -1113202 (base 6) in base 13?
-1c904
What is -103330000120 (base 4) in base 2?
-10011111100000000011000
What is 110111001110101 (base 2) in base 16?
6e75
What is 3165585 (base 10) in base 6?
151503253
What is -507604 (base 9) in base 3?
-120021200011
What is -2020210112000 (base 3) in base 6?
-41352043
Convert 1de06 (base 15) to base 7.
554466
What is -5a06a5 (base 14) in base 7?
-35063565
Convert 121442121 (base 5) to base 3.
1002100120111
100111024 (base 6) to base 7
20232652
Convert 14232014 (base 5) to base 3.
21120101212
-3112b (base 13) to base 14
-2415c
Convert -1537533 (base 8) to base 5.
-103122303
What is 551474 (base 9) in base 5?
41013140
1024330 (base 5) to base 4
10100321
Convert 2313045 (base 6) to base 10.
118613
-442411 (base 5) to base 11
-105a0
What is -10765035 (base 8) in base 7?
-26002036
Convert -207ca (base 16) to base 5.
-13224231
3012054 (base 6) to base 16
229a2
54001 (base 7) to base 4
3101002
15041231 (base 6) to base 3
222100112101
Convert 10100000131 (base 5) to base 14.
14c53b5
74616 (base 10) to base 5
4341431
What is -55544442 (base 7) in base 13?
-cc145b
Convert 15041311 (base 6) to base 4.
1332221023
What is 232230331232 (base 4) in base 9?
25028858
Convert 1210000122 (base 4) to base 9.
683810
11543446 (base 9) to base 7
65632431
What is 10470657 (base 8) in base 16?
2271af
What is -94350 (base 10) in base 4?
-113002032
262b51a (base 12) to base 10
7526182
What is 852504 (base 9) in base 5?
112211224
4e737 (base 16) to base 9
538708
Convert 22c0cb (base 14) to base 12.
49212b
What is 468 (base 11) in base 3?
202200
What is -296aa63 (base 11) in base 4?
-103123321220
1220322222 (base 4) to base 8
1507252
1312323 (base 4) to base 2
1110110111011
2521410 (base 6) to base 4
200333232
-10222022 (base 4) to base 10
-19082
What is -11111100000011101 (base 2) in base 11?
-88a61
What is -31333121331 (base 4) in base 16?
-37f67d
-5143546 (base 9) to base 3
-12011110121120
What is -36b38d (base 14) in base 6?
-104103533
-133132020 (base 4) to base 14
-34d96
23123333323 (base 4) to base 6
144132511
20122010000011 (base 3) to base 2
1101011100101101001000
-6764261 (base 9) to base 6
-210040344
-c06ca8 (base 15) to base 14
-12db436
What is -120221011102 (base 4) in base 10?
-6459730
Convert -2000411140 (base 5) to base 12.
-1390309
Convert -31a96 (base 11) to base 6.
-555333
What is -14b6 (base 14) in base 5?
-104223
101010011001001010100101 (base 2) to base 10
11113125
What is -35454413 (base 6) in base 13?
-2cc007
What is 194992 (base 14) in base 3?
1200112200100
Convert -18078c (base 13) to base 16.
-92bf8
What is -11014463 (base 9) in base 11?
-3007224
What is 93964 (base 14) in base 7?
3011254
What is 94435 (base 13) in base 8?
1010475
-131112431 (base 5) to base 7
-5323466
What is -524708 (base 10) in base 5?
-113242313
Convert 315545 (base 9) to base 7.
1411343
39250 (base 14) to base 15
2b906
Convert 11001100000100000 (base 2) to base 11.
71552
620732 (base 9) to base 2
1011001110110001100
Convert 1012002010020 (base 3) to base 5.
130201101
What is -110201111220 (base 3) in base 2?
-111101001000110110
-15052512 (base 6) to base 16
-7f07c
107387 (base 13) to base 6
12145002
What is -111200202 (base 4) in base 5?
-10304343
Convert 330116 (base 14) to base 15.
242426
da52